common factor of 10 and 57995?
5
Calculate the highest common divisor of 115 and 8885.
5
Calculate the greatest common divisor of 41409 and 432.
9
Calculate the greatest common divisor of 5190 and 1211.
173
What is the highest common factor of 529 and 7912?
23
What is the greatest common divisor of 74702 and 246?
82
What is the highest common divisor of 1684062 and 54?
18
Calculate the highest common divisor of 1780 and 140.
20
Calculate the highest common divisor of 478560 and 416.
32
Calculate the greatest common divisor of 43803 and 2512.
157
What is the highest common divisor of 21 and 1757?
7
What is the greatest common factor of 2790 and 1425070?
310
What is the greatest common factor of 10 and 891370?
10
What is the highest common factor of 380 and 9160?
20
Calculate the greatest common divisor of 17272 and 527.
17
Calculate the highest common factor of 38399 and 559.
43
Calculate the highest common divisor of 1929 and 1887205.
643
Calculate the greatest common divisor of 582 and 24638.
194
What is the highest common factor of 455378 and 154?
154
What is the highest common divisor of 1491 and 334481?
497
Calculate the greatest common factor of 10062 and 2064.
258
What is the highest common divisor of 44 and 647966?
22
Calculate the greatest common factor of 264 and 5184.
24
Calculate the greatest common divisor of 2129035 and 290.
145
What is the greatest common factor of 520722 and 81?
27
What is the highest common factor of 1808 and 688?
16
What is the highest common factor of 43 and 3074457?
43
Calculate the greatest common divisor of 48573 and 257.
257
What is the highest common divisor of 30221 and 132458?
643
What is the highest common divisor of 55445 and 65?
65
What is the highest common factor of 1134 and 181818?
378
Calculate the greatest common divisor of 314146 and 322.
14
What is the greatest common divisor of 3918 and 4060354?
1306
What is the greatest common divisor of 1934730 and 270?
90
Calculate the highest common divisor of 527681 and 89.
89
What is the highest common divisor of 19527 and 11603?
283
Calculate the greatest common divisor of 1472 and 176.
16
Calculate the greatest common factor of 678327 and 78.
39
Calculate the greatest common factor of 550 and 2475.
275
What is the highest common divisor of 92 and 777860?
92
What is the greatest common factor of 37 and 62863?
37
What is the highest common divisor of 414 and 52371?
207
Calculate the greatest common factor of 76 and 4276.
4
What is the highest common factor of 306 and 332802?
18
Calculate the highest common factor of 82268 and 471.
157
What is the greatest common divisor of 91464 and 5217?
111
Calculate the highest common factor of 1520946 and 54.
18
What is the highest common factor of 445982 and 6?
2
What is the highest common divisor of 917194 and 1242?
46
Calculate the greatest common divisor of 612 and 22780.
68
Calculate the highest common divisor of 25 and 919525.
25
Calculate the greatest common divisor of 100 and 266700.
100
What is the highest common divisor of 42681 and 10063?
347
What is the greatest common factor of 330 and 33693?
33
Calculate the highest common factor of 15 and 21785.
5
Calculate the greatest common divisor of 24155 and 445.
5
What is the highest common factor of 1 and 3917?
1
Calculate the greatest common factor of 54 and 51246.
54
Calculate the greatest common divisor of 5 and 20695.
5
Calculate the highest common factor of 234 and 87066.
18
What is the highest common divisor of 8280 and 14040?
360
Calculate the greatest common factor of 49960 and 765.
5
Calculate the highest common factor of 41625 and 3996.
333
What is the highest common factor of 91 and 112411?
13
What is the greatest common factor of 440 and 748220?
220
What is the greatest common factor of 418 and 245138?
38
What is the highest common factor of 9847 and 344?
43
What is the highest common factor of 54 and 3757563?
27
Calculate the highest common factor of 735 and 63.
21
Calculate the highest common divisor of 140 and 18242.
14
What is the greatest common factor of 6 and 2406?
6
What is the greatest common factor of 174572 and 76?
76
Calculate the greatest common divisor of 26500 and 14204.
212
Calculate the highest common factor of 376 and 184.
8
What is the greatest common factor of 164492 and 68?
68
Calculate the highest common factor of 13777 and 299.
23
Calculate the greatest common divisor of 1173 and 62583.
69
What is the highest common divisor of 910953 and 9?
9
Calculate the greatest common divisor of 29 and 62031.
29
Calculate the highest common factor of 1767 and 17214.
57
What is the greatest common factor of 176 and 1500752?
176
Calculate the greatest common divisor of 4108 and 3341.
13
Calculate the greatest common divisor of 567 and 6291.
27
What is the greatest common factor of 176601 and 387?
129
Calculate the greatest common factor of 5296 and 4303.
331
What is the highest common factor of 2361 and 15?
3
What is the highest common factor of 9057457 and 526?
263
Calculate the highest common factor of 636414 and 18.
6
What is the greatest common factor of 47368 and 4393?
191
Calculate the greatest common divisor of 33 and 3031908.
33
Calculate the highest common divisor of 90 and 27228.
6
Calculate the greatest common factor of 4905 and 997023.
327
What is the greatest common divisor of 51 and 83113?
17
What is the highest common divisor of 212863 and 47?
47
What is the greatest common factor of 587 and 2902715?
587
Calculate the greatest common divisor of 3692 and 95708.
284
Calculate the highest common divisor of 1784326 and 4490.
898
What is the greatest common factor of 2860 and 5368?
44
What is the greatest common factor of 898381 and 22?
11
What is the greatest common factor of 9202 and 8686?
86
What is the greatest common factor of 861 and 3649?
41
What is the greatest common divisor of 5214 and 1343?
79
What is the greatest common factor of 26366 and 2?
2
Calculate the highest common divisor of 244770 and 10.
10
Calculate the greatest common factor of 11111 and 34959.
271
What is the greatest common factor of 550 and 112475?
275
What is the highest common divisor of 6970 and 3895?
205
What is the greatest common factor of 84 and 171164?
28
What is the highest common factor of 1020 and 913580?
340
Calculate the greatest common factor of 953685 and 15.
15
What is the greatest common factor of 46 and 1426138?
46
What is the highest common factor of 69485 and 5?
5
What is the highest common divisor of 15372 and 114680?
244
Calculate the greatest common factor of 115 and 1576535.
115
What is the greatest common factor of 465495 and 15?
15
Calculate the greatest common factor of 139665 and 105.
15
Calculate the highest common divisor of 612435 and 120.
15
What is the greatest common factor of 203732 and 1060?
212
What is the highest common divisor of 3275 and 19781?
131
Calculate the highest common divisor of 47402 and 1038.
346
Calculate the greatest common divisor of 26 and 1534.
26
What is the highest common factor of 2655 and 136585?
295
Calculate the greatest common divisor of 1975 and 24095.
395
What is the greatest common factor of 234421 and 211?
211
Calculate the highest common divisor of 118112 and 64.
32
Calculate the highest common divisor of 513135 and 63.
63
Calculate the highest common divisor of 1144 and 7304.
88
What is the greatest common divisor of 52597 and 14602?
149
What is the greatest common factor of 3422570 and 10?
10
What is the highest common divisor of 39208 and 208?
104
What is the highest common divisor of 249934 and 17?
17
What is the greatest common factor of 1748 and 23028?
76
Calculate the greatest common divisor of 44 and 30481924.
44
Calculate the highest common divisor of 12685 and 21004.
59
What is the highest common divisor of 1242 and 32522?
46
Calculate the highest common divisor of 333348 and 12.
12
What is the greatest common divisor of 1886 and 10511?
23
What is the greatest common divisor of 2652 and 9435?
51
Calculate the highest common factor of 56 and 47536.
8
Calculate the highest common divisor of 3375 and 16000.
125
Calculate the greatest common divisor of 2324 and 11454.
166
Calculate the greatest common factor of 745 and 30.
5
Calculate the highest common factor of 6430 and 21